s divided by 6.
4
What is the remainder when 154 is divided by 39?
37
Calculate the remainder when 3462 is divided by 21.
18
What is the remainder when 1423 is divided by 23?
20
What is the remainder when 107 is divided by 107?
0
Calculate the remainder when 6430 is divided by 357.
4
Calculate the remainder when 300 is divided by 66.
36
Calculate the remainder when 386 is divided by 14.
8
Calculate the remainder when 174 is divided by 25.
24
What is the remainder when 5941 is divided by 283?
281
Calculate the remainder when 1797 is divided by 25.
22
What is the remainder when 713 is divided by 20?
13
Calculate the remainder when 2943 is divided by 134.
129
Calculate the remainder when 12597 is divided by 70.
67
What is the remainder when 59384 is divided by 185?
184
What is the remainder when 272 is divided by 20?
12
What is the remainder when 359 is divided by 115?
14
Calculate the remainder when 1082 is divided by 99.
92
Calculate the remainder when 59 is divided by 34.
25
Calculate the remainder when 106 is divided by 53.
0
What is the remainder when 186 is divided by 79?
28
What is the remainder when 172 is divided by 65?
42
What is the remainder when 1662 is divided by 32?
30
What is the remainder when 568 is divided by 357?
211
Calculate the remainder when 171 is divided by 129.
42
Calculate the remainder when 170 is divided by 87.
83
Calculate the remainder when 92 is divided by 14.
8
Calculate the remainder when 139 is divided by 64.
11
Calculate the remainder when 984 is divided by 40.
24
What is the remainder when 632 is divided by 108?
92
What is the remainder when 68 is divided by 22?
2
What is the remainder when 593 is divided by 180?
53
Calculate the remainder when 6223 is divided by 75.
73
What is the remainder when 368 is divided by 221?
147
What is the remainder when 3873 is divided by 228?
225
Calculate the remainder when 46 is divided by 10.
6
Calculate the remainder when 44 is divided by 36.
8
What is the remainder when 178 is divided by 30?
28
Calculate the remainder when 1263 is divided by 6.
3
What is the remainder when 506 is divided by 85?
81
What is the remainder when 1858 is divided by 30?
28
What is the remainder when 2055 is divided by 293?
4
Calculate the remainder when 1723 is divided by 75.
73
Calculate the remainder when 623 is divided by 126.
119
Calculate the remainder when 165 is divided by 21.
18
What is the remainder when 136 is divided by 16?
8
Calculate the remainder when 98 is divided by 45.
8
What is the remainder when 127 is divided by 33?
28
What is the remainder when 5091 is divided by 268?
267
What is the remainder when 1049 is divided by 109?
68
Calculate the remainder when 126 is divided by 26.
22
Calculate the remainder when 67263 is divided by 55.
53
What is the remainder when 154 is divided by 35?
14
Calculate the remainder when 51 is divided by 8.
3
What is the remainder when 1910 is divided by 59?
22
Calculate the remainder when 1090 is divided by 359.
13
Calculate the remainder when 2766 is divided by 553.
1
What is the remainder when 454 is divided by 222?
10
Calculate the remainder when 80 is divided by 25.
5
What is the remainder when 442 is divided by 74?
72
Calculate the remainder when 332 is divided by 110.
2
Calculate the remainder when 1860 is divided by 19.
17
What is the remainder when 74 is divided by 5?
4
Calculate the remainder when 941 is divided by 41.
39
What is the remainder when 1227 is divided by 30?
27
What is the remainder when 29380 is divided by 59?
57
Calculate the remainder when 82 is divided by 23.
13
What is the remainder when 737 is divided by 39?
35
Calculate the remainder when 782 is divided by 14.
12
What is the remainder when 1162 is divided by 244?
186
Calculate the remainder when 345 is divided by 186.
159
Calculate the remainder when 599 is divided by 75.
74
What is the remainder when 8227 is divided by 22?
21
What is the remainder when 613 is divided by 11?
8
Calculate the remainder when 9634 is divided by 66.
64
What is the remainder when 8739 is divided by 20?
19
What is the remainder when 108 is divided by 42?
24
Calculate the remainder when 298 is divided by 3.
1
Calculate the remainder when 220 is divided by 17.
16
What is the remainder when 4418 is divided by 2202?
14
What is the remainder when 109 is divided by 19?
14
Calculate the remainder when 284 is divided by 6.
2
Calculate the remainder when 906 is divided by 33.
15
What is the remainder when 2713 is divided by 87?
16
What is the remainder when 1309 is divided by 28?
21
Calculate the remainder when 611 is divided by 39.
26
What is the remainder when 21447 is divided by 110?
107
What is the remainder when 3917 is divided by 782?
7
What is the remainder when 1049 is divided by 117?
113
What is the remainder when 2845 is divided by 89?
86
Calculate the remainder when 289 is divided by 252.
37
What is the remainder when 716 is divided by 24?
20
Calculate the remainder when 617 is divided by 48.
41
What is the remainder when 33318 is divided by 490?
488
Calculate the remainder when 1726 is divided by 97.
77
Calculate the remainder when 418 is divided by 30.
28
What is the remainder when 5593 is divided by 798?
7
What is the remainder when 218 is divided by 45?
38
What is the remainder when 9325 is divided by 176?
173
Calculate the remainder when 1725 is divided by 144.
141
What is the remainder when 6988 is divided by 13?
7
Calculate the remainder when 836 is divided by 21.
17
What is the remainder when 267 is divided by 60?
27
What is the remainder when 348 is divided by 171?
6
What is the remainder when 878 is divided by 20?
18
Calculate the remainder when 98 is divided by 28.
14
What is the remainder when 297 is divided by 12?
9
Calculate the remainder when 218 is divided by 39.
23
What is the remainder when 40178 is divided by 41?
39
Calculate the remainder when 13650 is divided by 11.
10
Calculate the remainder when 641 is divided by 36.
29
Calculate the remainder when 138 is divided by 46.
0
What is the remainder when 203 is divided by 27?
14
Calculate the remainder when 822 is divided by 82.
2
What is the remainder when 196 is divided by 128?
68
Calculate the remainder when 99 is divided by 22.
11
What is the remainder when 248 is divided by 2?
0
What is the remainder when 130 is divided by 125?
5
Calculate the remainder when 40 is divided by 28.
12
What is the remainder when 22 is divided by 3?
1
What is the remainder when 118 is divided by 5?
3
Calculate the remainder when 573 is divided by 63.
6
What is the remainder when 1229 is divided by 91?
46
Calculate the remainder when 50 is divided by 13.
11
Calculate the remainder when 3906 is divided by 1301.
3
Calculate the remainder when 141 is divided by 13.
11
Calculate the remainder when 9267 is divided by 9255.
12
Calculate the remainder when 281 is divided by 33.
17
What is the remainder when 198 is divided by 106?
92
What is the remainder when 170 is divided by 40?
10
What is the remainder when 748 is divided by 148?
8
Calculate the remainder when 41 is divided by 21.
20
Calculate the remainder when 289 is divided by 135.
19
What is the remainder when 477 is divided by 6?
3
Calculate the remainder when 102 is divided by 7.
4
Calculate the remainder when 87 is divided by 12.
3
Calculate the remainder when 1902 is divided by 945.
12
Calculate the remainder when 553 is divided by 62.
57
Calculate the remainder when 593 is divided by 15.
8
Calculate the remainder when 393 is divided by 10.
3
What is the remainder when 9668 is divided by 33?
32
Calculate the remainder when 80 is divided by 27.
26
What is the remainder when 200 is divided by 32?
8
What is the remainder when 157 is divided by 23?
19
What is the remainder when 131 is divided by 96?
35
What is the remainder when 12695 is divided by 4?
3
Calculate the remainder when 33 is divided by 13.
7
Calculate the remainder when 1024 is divided by 292.
148
What is the remainder when 92 is divided by 5?
2
What is the remainder when 383 is divided by 89?
27
Calculate the remainder when 262 is divided by 91.
80
What is the remainder when 1906 is divided by 159?
157
Calculate the remainder when 126 is divided by 23.
11
What is the remainder when 679 is divided by 672?
7
What is the remainde